8)/y. Let x = k - -7. Calculate the greatest common factor of 72 and x.
8
Suppose j + j = 312. Suppose 0 = 5*p - 2*p - j. Let u be 13741/p + 2/(-8). Calculate the highest common factor of u and 33.
33
Suppose 4*g - 25 = -3*k, -5*g + 21 = 3*k - 14. Suppose 14*h = 5*h - 306. Let w be 255/h*-1*4/2. Calculate the greatest common divisor of w and g.
5
Suppose 2*o - 7 = c, -11 + 36 = 5*c + 2*o. Suppose -121 = -4*h + v, 0 = -5*h - c*v + 65 + 82. What is the greatest common divisor of h and 6?
6
Suppose -2 = -t - 3. Let a be 2/6*-1*-3. Let s be a - t/(3/24). Calculate the highest common divisor of s and 9.
9
Suppose -2*u = h + 10, 2*h + u + 9 - 1 = 0. Let y be 312/16 + h/(-4). Let q = 0 + y. What is the greatest common factor of 8 and q?
4
Let y = 21 + -43. Let z(g) = -3*g - 18. Let p be z(y). Calculate the highest common divisor of 6 and p.
6
Suppose 2*w = 6*w - 264. Let s(d) = -d**2 + 8*d + 31. Let v be (-6)/(-8) - (-37)/4. Let g be s(v). Calculate the highest common factor of g and w.
11
Let q(w) = -18*w - 10. Let j be q(-10). Let v = -70 - -104. What is the highest common divisor of v and j?
34
Let a be ((-276)/150)/(3/(-15))*55. Calculate the greatest common factor of a and 44.
22
Suppose 0 = -n - 39 + 104. Suppose a - n - 65 = 0. Calculate the highest common divisor of a and 52.
26
Let b = -29 - -64. Suppose -99 = -8*l - b. Calculate the greatest common factor of l and 2.
2
Let o be ((-33)/(-55))/(1/5). Suppose -2*s + 11 - o = 0. Suppose s*n - n = 27. What is the highest common divisor of n and 6?
3
Suppose 502 = 4*h + 2*w, 18*w - 5 = 13*w. Calculate the greatest common factor of 225 and h.
25
Suppose m - 4*h - 20 = 0, -2*m + 20 = 3*m - 4*h. Suppose f - 4 + 16 = -5*r, m = -f + 4*r + 24. Calculate the highest common divisor of 8 and f.
8
Suppose -7*k = -213 + 24. Calculate the highest common divisor of 243 and k.
27
Suppose 3*m = 4*z - 940, 4*z + 4*m + m = 940. Calculate the greatest common factor of 47 and z.
47
Suppose 0 = 4*x + 16, 0*s + 4*s - 2*x = 68. Let m = 22 - s. Suppose 37*g - 479 + 2264 = 122*g. Calculate the highest common factor of g and m.
7
Let w(d) = -d + 12. Let r be w(11). Let m be 29 - 3/(2 + r). Let l = 2 + 2. What is the highest common factor of l and m?
4
Let q = 21 + 6. Suppose 110 = -3*o + 4*o + 2*d, 5*o + d - 541 = 0. What is the greatest common factor of q and o?
27
Let v be ((-110)/15)/(8/(-732)) + 7. Calculate the greatest common divisor of 6 and v.
6
Let p = 574 + 108. Calculate the highest common divisor of 62 and p.
62
Let r(w) = w**3 - w + 3. Let y be r(0). Suppose -v - 88 = -y*v. Let x(p) = 7*p**2 + p. Let a be x(3). Calculate the greatest common factor of v and a.
22
Suppose -5*n + 288 = -312. Let i = 83 + -68. Calculate the highest common divisor of i and n.
15
Suppose 2*h - 3*f + 10 = 0, f = 4*h - 3*f + 16. Let q be -2 + (-195)/(-1 + h). Calculate the highest common factor of 9 and q.
9
Let r = 33 + -21. Let g = 10 - r. Let o be (-8 + 5)*4/g. What is the greatest common divisor of 9 and o?
3
Let b(u) = 25*u**2 + 8*u - 54. Let x be b(4). What is the highest common divisor of 28 and x?
14
Suppose -24 = -4*d + 264. Suppose 7*b = 11*b - d. What is the greatest common divisor of 45 and b?
9
Let l be 96/(-10) + 12/20. Let k = l - -12. Let r be (75/(-20))/(k/(-72)). What is the highest common factor of r and 30?
30
Suppose 5*f = -3*r + 7*f + 35, -2*f - 53 = -5*r. Let g(s) = s**2 - 7*s. Let p be g(r). Calculate the highest common factor of 4 and p.
2
Let y(b) = b**3 + 11*b**2 - 19*b - 39. Let o be y(-11). Calculate the greatest common factor of 136 and o.
34
Let p be -1 - (-2 - -2) - 1. Let z be 1*p + (-72)/(-2). Suppose 14*a + 2*a = 816. Calculate the greatest common factor of a and z.
17
Let d be (-54)/(-7) - (-4)/14. Let y(l) = 17*l + 5*l**3 - 18*l - 2*l**2 + 2 + d*l**3. Let g be y(1). What is the highest common factor of g and 30?
6
Suppose -5*r + 2*x = -760, -4*r + 626 = -x + 3*x. Let b be 29 + -3 + 28/7 + -8. Calculate the greatest common factor of b and r.
22
Let p be 1/(-2)*(-7 + -1447)*1. Let n = -510 + p. Calculate the highest common factor of n and 31.
31
Suppose 18*u - 1031 = 589. What is the greatest common divisor of u and 80?
10
Let k be (-2)/3 + 76/(-12). Let b = k - -26. Calculate the highest common factor of 171 and b.
19
Let r be (-324)/567 + 1768/7. Calculate the greatest common divisor of r and 672.
84
Suppose -2*j = 4*o - 3*j + 238, -5*j - 190 = 3*o. Let n = 62 + o. Suppose -z - 10 = -3*v, v - 4*z - 5 = -4*v. What is the highest common divisor of n and v?
1
Let a(u) be the third derivative of -u**6/10 - u**5/60 - u**4/24 + u**2. Let q be a(-1). What is the highest common factor of q and 96?
12
Suppose 355 = 4*c - s, 0 = -0*c - 2*c - 4*s + 164. Calculate the highest common factor of 132 and c.
44
Let v(q) = -42*q - 851. Let r be v(-23). Calculate the greatest common factor of r and 92.
23
Let s(b) = -9*b - 2. Let c be s(-2). Suppose 0 = -0*g + 2*g - 8. Suppose a + 2*z - 25 = 9, 121 = g*a + 5*z. Calculate the highest common factor of c and a.
8
Let h(b) = 18*b**2 - b - 1. Let z be h(-1). Suppose -9*m - 5*d = -6*m - 13, 4*d = 5*m - 34. What is the greatest common divisor of z and m?
6
Let k = -293 + 307. Let t = 9 - -11. Suppose -22 = -3*c + t. What is the highest common factor of k and c?
14
Suppose 6 = 2*d, w + d - 75 = -w. What is the greatest common divisor of w and 576?
36
Let g = -48 - -96. Let a = 210 - 138. What is the highest common factor of g and a?
24
Let h(k) = k**3 + 11*k**2 + k + 22. Let m be h(-7). Let a be (-2)/(-3)*(-1 + 130). Suppose -j + m = -a. Calculate the greatest common divisor of 27 and j.
27
Suppose 0 = 2*r + 15 - 57. Suppose 3*j = 3*g + 5*j - 11, g - 3*j = 0. Suppose g*x - 5*x = -28. Calculate the greatest common factor of r and x.
7
Suppose 18*i + 135 - 279 = 0. Suppose -3*n + 2*o = -268, -n - 2*o = 2*n - 260. Calculate the greatest common factor of i and n.
8
Let a = 1 - -1. Suppose a*u + 3*u - 10 = 0. Suppose -61 = -7*o + 5*n, -4*o - 2*n = -23 - 7. What is the highest common divisor of o and u?
2
Suppose -5*v + 0*v + 45 = 0. Suppose 2*b - 4*s = -v*s - 1, 5*s + 5 = 0. Suppose -b*o = 2*o - 532. What is the highest common divisor of 19 and o?
19
Suppose -3*c + 1 = 2*t - 43, 2*t + c = 36. Suppose -2*s - 2*b + t = 0, 2*s + 6*b = b + 1. Calculate the highest common divisor of 13 and s.
13
Let p(q) = 3*q**2 + 2*q. Suppose 5*b = -18 - 12. Let d be p(b). What is the highest common divisor of 12 and d?
12
Let j(p) = -p**3 - 26*p**2 + 56*p + 22. Let f be j(-28). Calculate the highest common factor of 77 and f.
11
Let o(u) = -78*u - 310. Let s be o(-4). What is the highest common factor of s and 89?
1
Let i(v) = 3*v - 7. Let w be i(6). Let z(a) = 2*a**2 - 40*a + 39. Let l be z(19). What is the greatest common divisor of w and l?
1
Let b(a) = 13*a**2 - 1. Let r be b(1). Suppose r = 3*j - 3. Let x be 5/(-1)*j/(-1). What is the greatest common divisor of 225 and x?
25
Suppose 100*s + 42 = 102*s. What is the greatest common divisor of s and 224?
7
Let l = 2 + 15. Suppose -b + 1 = 2*d + 12, 1 = 3*d - 2*b. Let o(t) = 15*t**2 - t - 2. Let q be o(d). Calculate the greatest common divisor of l and q.
17
Let d = 2 - 2. Let r = d + 7. Let q = -385 - -462. What is the highest common divisor of q and r?
7
Let f = -4 + 6. Suppose 4*n + k - 7 = -0, 0 = -n - f*k. Let o = 5 - 1. Calculate the greatest common divisor of o and n.
2
Let j(z) = 6*z**2 + 11*z - 80. Let i be j(5). Calculate the highest common divisor of 2875 and i.
125
Let z(q) = -9*q - 9. Let u be ((-7)/(-3))/(2/6). Let s(f) = -f + 1. Let k be s(u). Let w be z(k). What is the greatest common divisor of w and 15?
15
Let a be 2 - (5550/(-54) + 2/(-9)). What is the highest common factor of 120 and a?
15
Let u = -729 + 828. What is the highest common factor of 324 and u?
9
Let q = -18 - -17. Let g be 28/(q - 6/(-4)). Let s = g + -35. Calculate the highest common factor of s and 7.
7
Let d be 168/16*(-4)/(-3). What is the greatest common divisor of d and 70?
14
Let r be (-5)/((-5)/49) - -4. Calculate the highest common factor of r and 53.
53
Let z(q) = 4*q**2 + 14*q + 84. Let g be z(-5). Calculate the greatest common divisor of 95 and g.
19
Suppose -8*o = -4*o - 20, 0 = -k - o + 9. Let f(l) = 39*l + 12. Let b be f(k). What is the highes